-4
Let x(c) = c**2 - 53290*c - 1066186. Give x(-20).
14
Let r(p) = 1651*p - 62511. What is r(39)?
1878
Let g(b) = 2520*b + 50148. Give g(-20).
-252
Let v(s) = 6*s**3 + 188*s**2 - 113*s + 35. Give v(-32).
-445
Let g(x) = x**2 - 1574*x + 44834. Give g(29).
29
Let n(k) = -2*k**3 - 8*k**2 + 2*k - 400. What is n(-10)?
780
Let h(b) = -66*b - 11812. Calculate h(-175).
-262
Let v(b) = -58068*b + 49009388. Give v(844).
-4
Let w(f) = -358866*f - 1794335. Determine w(-5).
-5
Let z(n) = 2925*n + 81924. Determine z(-28).
24
Let b(p) = 34865*p + 522972. Give b(-15).
-3
Let y(n) = 121160*n - 11267870. Calculate y(93).
10
Let b(h) = 194*h**2 + 6591*h - 11. What is b(-34)?
159
Let f(l) = 7*l**2 + 2493*l + 84916. Determine f(-318).
10
Let g(u) = u**2 - 21860*u - 65590. What is g(-3)?
-1
Let j(d) = -60*d**2 + 26703*d - 27988. Calculate j(444).
-16
Let q(r) = 59*r + 1859. Determine q(-34).
-147
Let m(k) = 19916*k - 298746. Give m(15).
-6
Let v(n) = 12*n**2 - 2138*n + 359. What is v(178)?
3
Let t(g) = -73*g - 1273. What is t(-25)?
552
Let i(m) = 2*m**3 - 408*m**2 + 2765*m - 44. Determine i(7).
5
Let o(a) = a**3 - 3*a**2 - 1032*a - 11036. What is o(-21)?
52
Let i(y) = -y**2 - 158816*y + 3812168. What is i(24)?
8
Let l(i) = -2*i**3 + 244*i**2 - 473*i - 839. Calculate l(120).
1
Let x(f) = -71*f**3 + 1409*f**2 + 203*f + 311. Calculate x(20).
-29
Let p(o) = -2*o**2 - 465*o - 26351. Give p(-97).
-64
Let d(y) = -23689*y + 355347. Give d(15).
12
Let b(n) = -n**3 + 33*n**2 + 842*n - 26396. Give b(36).
28
Let k(g) = 48051*g - 4949256. Calculate k(103).
-3
Let d(a) = -6474*a - 38823. Give d(-6).
21
Let v(b) = -209658*b - 1257966. Give v(-6).
-18
Let p(f) = -3119*f**2 + 3185*f - 41. Give p(1).
25
Let c(l) = l**2 + 1237389*l - 10. What is c(0)?
-10
Let v(g) = -376*g + 5432. Calculate v(12).
920
Let a(r) = -7067*r - 28492. Calculate a(-4).
-224
Let a(q) = 2*q**3 - 283*q**2 - 4695*q + 26. Give a(-15).
26
Let z(q) = 2*q**2 - 50*q + 348. What is z(6)?
120
Let m(n) = 13831816*n + 27663630. Give m(-2).
-2
Let v(x) = x**3 - 7*x**2 - 100*x + 458. What is v(4)?
10
Let j(h) = 272*h**2 + 7623*h + 467. Determine j(-28).
271
Let i(y) = 2*y**2 - 416*y + 21115. Calculate i(88).
-5
Let m(s) = -3*s**2 + 152112*s - 1520973. Calculate m(10).
-153
Let u(t) = -236*t - 504. What is u(-1)?
-268
Let o(g) = -g**3 + 16*g**2 + 414*g - 699. Calculate o(29).
374
Let v(i) = 1962*i + 276599. Calculate v(-141).
-43
Let b(t) = -2*t**3 - 132*t**2 - 722*t + 1. Determine b(-6).
13
Let a(n) = -61*n**2 + 793*n + 2934. What is a(16)?
6
Let c(t) = -t**3 - 17*t**2 - 33*t - 72. What is c(-13)?
-319
Let j(m) = -5*m**2 + m - 15. What is j(9)?
-411
Let i(r) = -r**2 + 219*r - 9897. Give i(57).
-663
Let n(d) = 4*d**3 + 38*d**2 - 37283*d - 372639. Calculate n(-10).
-9
Let p(h) = 79*h - 2129. Determine p(27).
4
Let f(z) = -29*z**2 - 1127*z - 249. What is f(-39)?
-405
Let k(h) = -3*h**3 + 553*h**2 - 219*h + 6442. Calculate k(184).
2
Let y(q) = 725*q - 10217. Determine y(15).
658
Let l(i) = 161*i**2 + 2583*i + 120. What is l(-16)?
8
Let n(m) = -4*m**3 - 350*m**2 - 2052*m + 25. Determine n(-6).
601
Let v(y) = 273*y + 66965. Calculate v(-245).
80
Let m(u) = -3*u**2 + 5477*u - 140370. What is m(26)?
4
Let k(o) = 72*o**2 - 193*o + 428. Calculate k(2).
330
Let l(q) = -2*q**2 - 1661*q - 9974. Give l(-6).
-80
Let s(m) = 6*m**2 - 164*m - 3174. What is s(-13)?
-28
Let d(u) = 488342*u + 8790145. Determine d(-18).
-11
Let p(q) = q**3 + 49*q**2 + 427*q - 94. Calculate p(-14).
788
Let j(p) = 3*p**3 - 16*p**2 + 49*p - 377. Determine j(6).
-11
Let y(g) = 689*g + 7790. Calculate y(-11).
211
Let h(o) = 4*o**2 - 278*o - 1733. Determine h(-6).
79
Let r(u) = 10*u**3 - 280*u**2 - 57*u + 1593. Calculate r(28).
-3
Let v(l) = -4*l**3 + 248*l**2 - 1410*l + 8. Calculate v(6).
-388
Let y(c) = -10*c**2 + 137*c + 2495. What is y(-21)?
-4792
Let k(n) = -13515*n - 7581848. Calculate k(-561).
67
Let b(r) = -133184*r - 799099. What is b(-6)?
5
Let p(w) = -148*w - 7214. Give p(-48).
-110
Let q(x) = 2963*x - 394073. What is q(133)?
6
Let o(q) = 8*q**2 + 3276*q - 277339. Determine o(72).
5
Let x(l) = 15*l**2 + 175*l - 1949. Determine x(9).
841
Let z(u) = 3*u**3 - 225*u**2 + 1059*u - 633. Determine z(70).
-3
Let l(n) = -11996*n - 24011. Determine l(-2).
-19
Let v(a) = -2*a**3 + 187*a**2 - 232*a - 4593. Give v(92).
-545
Let q(a) = -a**3 - 364*a**2 + 1447*a - 9211. Determine q(-368).
-11
Let u(x) = 724*x - 89596. Calculate u(125).
904
Let v(h) = 3*h**3 + 333*h**2 + 1279*h - 489. Calculate v(-107).
46
Let h(v) = -v**2 - 24040*v - 3868208. Determine h(-162).
28
Let s(f) = -13*f - 1009. Give s(-95).
226
Let g(y) = -2*y**2 + 11*y + 68. What is g(12)?
-88
Let d(o) = o**2 + 9380*o - 900108. Calculate d(95).
17
Let n(d) = 2812*d - 19017. Determine n(7).
667
Let w(t) = -4773*t - 591821. Determine w(-124).
31
Let w(l) = 5357*l - 2158837. Determine w(403).
34
Let s(n) = -n**3 - 103*n**2 + 30*n + 3023. Calculate s(-103).
-67
Let f(t) = -317*t**2 - 3548*t - 89. Calculate f(-11).
582
Let z(d) = 23479*d + 657245. Give z(-28).
-167
Let g(f) = -1348*f + 78210. Calculate g(58).
26
Let y(v) = -2*v**2 + 378*v - 5881. Give y(17).
-33
Let j(k) = -3*k**3 - 25*k**2 + 250*k + 1836. Calculate j(-7).
-110
Let o(i) = -2*i**2 + 150*i + 5288. What is o(-37)?
-3000
Let q(u) = u**2 + 23*u - 623. Determine q(-25).
-573
Let o(n) = -48334*n + 676770. Determine o(14).
94
Let f(x) = -6*x**2 + 52*x + 8228. Calculate f(-32).
420
Let a(l) = -1272*l + 36334. Determine a(28).
718
Let y(b) = 108*b - 598. Give y(-3).
-922
Let f(b) = -b**2 - 486*b + 110626. What is f(169)?
-69
Let x(l) = -71*l**2 - 108*l + 248. Give x(2).
-252
Let i(p) = p**3 + 10*p**2 - 201*p - 1925. Give i(-14).
105
Let m(r) = -290*r + 5835. Give m(21).
-255
Let r(j) = 7*j**3 - 1693*j**2 - 5281*j - 26691. What is r(245)?
14
Let t(r) = -2*r**2 - 1048*r + 839. Calculate t(-525).
-211
Let g(u) = -2*u**2 + 16231*u - 194486. Calculate g(12).
-2
Let n(t) = 561855*t - 24159755. Give n(43).
10
Let g(o) = -1543*o + 1751. What is g(-1)?
3294
Let g(s) = -1329*s**2 - 139*s + 1. What is g(0)?
1
Let v(w) = 1518*w**3 - 2*w**2 - 279*w - 277. Calculate v(-1).
-1518
Let w(x) = x**2 - 158*x + 929. What is w(6)?
17
Let f(k) = -55*k**2 + 1949*k - 11767. What is f(6)?
-2053
Let n(l) = l**2 - 48*l - 530907. What is n(753)?
-42
Let r(b) = 14672*b + 543063. Determine r(-37).
199
Let z(d) = 9*d**2 + 2245*d + 91669. Determine z(-198).
-5
Let n(y) = -48552*y - 679773. Determine n(-14).
-45
Let d(w) = 4*w**2 + 435*w + 6837. Give d(-88).
-467
Let u(w) = -2345*w - 57788. What is u(-25)?
837
Let t(p) = 24*p**2 + 157*p + 1354. Determine t(-12).
2926
Let n(a) = -217*a - 45858. Calculate n(-212).
146
Let g(m) = -m**3 - 40*m**2 - 355*m - 352. What is g(-28)?
180
Let y(k) = 5661*k + 50242. Give y(-9).
-707
Let q(z) = 649871*z + 4549080. What is q(-7)?
-17
Let k(o) = o**3 - 63*o**2 - 220*o + 1479. Calculate k(66).
27
Let y(f) = -f**2 + 29668*f - 1037104. Determine y(35).
51
Let l(x) = 705*x + 17637. What is l(-25)?
12
Let n(u) = -54*u**2 - 5671*u + 131. Determine n(-105).
236
Let d(i) = 22779*i - 182152. Give d(8).
80
Let w(g) = g**2 - 12782*g - 822144. Calculate w(-64).
0
Let a(c) = -2*c**3 - 7*c**2 - 52*c - 183. Calculate a(-8).
809
Let b(x) = x**3 - 82*x**2 - 183*x + 955. Determine b(84).
-305
Let a(f) = -3240*f - 638334. What is a(-197)?
-54
Let y(z) = -323*z**2 + 14108*z + 4572. Determine y(44).
-4
Let t(x) = x**3 + 12*x**2 - 1798*x - 26198. What is t(-15)?
97
Let o(i) = -i**2 + 4043*i + 516717. Calculate o(-124).
9
Let c(i) = i**3 - 95*i**2 - 125*i + 2700. Calculate c(96).
-84
Let o(i) = 494198*i + 10378159. Calculate o(-21).
1
Let x(d) = -19396*d - 760. Calculate x(0).
-760
Let u(i) = 4*i**2 - 24*i + 37. Determine u(5).
17
Let l(j) = -2817*j + 118279. Give l(42).
-35
Let h(g) = 26*g**3 + 4950*g**2 - 3054*g + 384. Determine h(-191).
2
Let b(z) = -z**3 + 78*z**2 + 866*z - 50410. Determine b(81).
53
Let c(s) = -16671*s - 450110. Determine c(-27).
7
Let r(l) = -l**3 + 366*l**2 + 63*l - 154402. Give r(365).
1818
Let z(u) = 1090*u + 16415. What is z(-15)?
65
Let q(k) = 29*k**2 + 325*k + 576. Give q(-7).
-278
Let f(v) = 813*v - 7029. Determine f(9).
288
Let y(q) = q**3 - 21*q**2 + 415*q - 3642. Determine y(9).
-879
Let r(y) = -18224*y - 273343. Determine r(-15).
17
Let n(